at is the thousands digit of 787137427?
7
What is the units digit of 39658944?
4
What is the hundred thousands digit of 1086491946?
4
What is the ten millions digit of 589616669?
8
What is the ten thousands digit of 53367294?
6
What is the units digit of 393185418?
8
What is the ten thousands digit of 1241291648?
9
What is the ten millions digit of 209773074?
0
What is the thousands digit of 2230395057?
5
What is the units digit of 248576839?
9
What is the tens digit of 222151917?
1
What is the tens digit of 436599250?
5
What is the ten thousands digit of 27813294?
1
What is the hundreds digit of 2770464968?
9
What is the ten millions digit of 178938467?
7
What is the billions digit of 1603277521?
1
What is the ten thousands digit of 1903620867?
2
What is the millions digit of 7191515?
7
What is the units digit of 41599740?
0
What is the tens digit of 136860408?
0
What is the hundred thousands digit of 43224547?
2
What is the hundreds digit of 13771305?
3
What is the ten millions digit of 161830170?
6
What is the thousands digit of 17472300?
2
What is the ten millions digit of 188534801?
8
What is the hundreds digit of 24791074?
0
What is the thousands digit of 61200261?
0
What is the millions digit of 133385390?
3
What is the units digit of 1325045826?
6
What is the hundreds digit of 122692069?
0
What is the units digit of 771153452?
2
What is the ten thousands digit of 415411385?
1
What is the billions digit of 1055187606?
1
What is the hundreds digit of 319685229?
2
What is the ten millions digit of 1551625840?
5
What is the tens digit of 917254553?
5
What is the ten thousands digit of 137419808?
1
What is the hundred thousands digit of 583063942?
0
What is the tens digit of 52512374?
7
What is the tens digit of 70651418?
1
What is the millions digit of 73669272?
3
What is the hundred millions digit of 1653768757?
6
What is the ten millions digit of 258370618?
5
What is the thousands digit of 1296898984?
8
What is the ten thousands digit of 2785623775?
2
What is the tens digit of 6855794701?
0
What is the units digit of 21625893?
3
What is the billions digit of 3342428347?
3
What is the units digit of 40430364?
4
What is the thousands digit of 93309389?
9
What is the ten thousands digit of 74475426?
7
What is the tens digit of 34958590?
9
What is the tens digit of 1954236901?
0
What is the millions digit of 1190770386?
0
What is the millions digit of 201248560?
1
What is the tens digit of 192569501?
0
What is the thousands digit of 3559927?
9
What is the tens digit of 899998187?
8
What is the ten millions digit of 1496761995?
9
What is the hundreds digit of 426582389?
3
What is the units digit of 665268356?
6
What is the hundred millions digit of 393203542?
3
What is the millions digit of 2314770470?
4
What is the hundred thousands digit of 157516126?
5
What is the thousands digit of 974563147?
3
What is the hundred thousands digit of 1952833004?
8
What is the hundreds digit of 2857077925?
9
What is the ten millions digit of 90824179?
9
What is the hundred millions digit of 5674647295?
6
What is the ten thousands digit of 65429364?
2
What is the hundred thousands digit of 660476352?
4
What is the tens digit of 1838642506?
0
What is the hundreds digit of 1369309006?
0
What is the ten thousands digit of 30618916?
1
What is the hundred thousands digit of 426792931?
7
What is the units digit of 460099871?
1
What is the units digit of 289267425?
5
What is the ten millions digit of 236310576?
3
What is the tens digit of 59783588?
8
What is the millions digit of 32620400?
2
What is the hundred thousands digit of 5014057030?
0
What is the billions digit of 4209279160?
4
What is the hundred thousands digit of 1810301188?
3
What is the hundreds digit of 1356934911?
9
What is the hundreds digit of 25425116?
1
What is the thousands digit of 76462106?
2
What is the tens digit of 231228629?
2
What is the hundred thousands digit of 139565632?
5
What is the hundred thousands digit of 929391173?
3
What is the hundreds digit of 1477104350?
3
What is the thousands digit of 99200090?
0
What is the ten thousands digit of 455320465?
2
What is the ten millions digit of 256410962?
5
What is the tens digit of 164430555?
5
What is the ten millions digit of 340892178?
4
What is the hundred millions digit of 3103934456?
1
What is the hundred millions digit of 101504021?
1
What is the hundreds digit of 2360700?
7
What is the hundred thousands digit of 3208436471?
4
What is the ten thousands digit of 957725?
5
What is the units digit of 46526062?
2
What is the tens digit of 31600002?
0
What is the thousands digit of 54935257?
5
What is the millions digit of 62278003?
2
What is the ten millions digit of 341589392?
4
What is the ten thousands digit of 23575765?
7
What is the millions digit of 41103113?
1
What is the hundred thousands digit of 3565156946?
1
What is the millions digit of 714749913?
4
What is the units digit of 379100141?
1
What is the ten millions digit of 99166029?
9
What is the tens digit of 46357033?
3
What is the billions digit of 1772357633?
1
What is the ten millions digit of 1153364528?
5
What is the tens digit of 59504771?
7
What is the millions digit of 48073457?
8
What is the units digit of 1917319263?
3
What is the billions digit of 1979058833?
1
What is the tens digit of 90402286?
8
What is the millions digit of 1146717173?
6
What is the millions digit of 1514431429?
4
What is the hundred thousands digit of 6875322447?
3
What is the tens digit of 1236780140?
4
What is the tens digit of 49261266?
6
What is the ten millions digit of 326020842?
2
What is the billions digit of 3037848554?
3
What is the ten millions digit of 495373104?
9
What is the thousands digit of 194956192?
6
What is the ten millions digit of 15447314?
1
What is the ten thousands digit of 41585031?
8
What is the tens digit of 139242676?
7
What is the hundred thousands digit of 202997681?
9
What is the units digit of 1539133319?
9
What is the ten thousands digit of 3226835389?
3
What is the thousands digit of 186263707?
3
What is the hundred thousands digit of 126522728?
5
What is the tens digit of 152961719?
1
What is the hundreds digit of 3687767487?
4
What is the thousands digit of 332614077?
4
What is the hundreds digit of 6092483190?
1
What is the ten thousands digit of 5990502140?
0
What is the hundreds digit of 62283563?
5
What is the units digit of 14106419?
9
What is the thousands digit of 20725735?
5
What is the tens digit of 17223679?
7
What is the millions digit of 43988572?
3
What is the units digit of 282878157?
7
What is the millions digit of 200640050?
0
What is the hundred millions digit of 408901416?
4
What is the ten millions digit of 1242510410?
4
What is the hundreds digit of 351543359?
3
What is the thousands digit of 2195629847?
9
What is the thousands digit of 2051294444?
4
What is the hundreds digit of 59439186?
1
What is the units digit of 9815178?
8
What is the hundreds digit of 93412197?
1
What is the ten thousands digit of 90656009?
5
What is the thousands digit of 4052581313?
1
What is the thousands digit of 119584443?
4
What is the hundred thousands digit of 162752507?
7
What is the hundred thousands digit of 1036704939?
7
What is the tens digit of 39801633?
3
What is the hundred thousands digit of 217938110?
9
What is the millions digit of 6954921361?
4
What is the thousands digit of 320478883?
8
What is the units digit of 239176973?
3
What is the ten thousands digit of 3732451?
3
What is the millions digit of 256919870?
6
What is the hundreds digit of 56342948?
9
What is the ten millions digit of 787359548?
8
What is the thousands digit of 1990552490?
2
What is the ten thousands digit of 120909961?
0
What is the hundreds digit of 35568879?
8
What is the hundreds digit of 46134555?
5
What is the millions digit of 65765213?
5
What is the millions digit of 3250417?
3
What is the hundred millions digit of 496972271?
4
What is the ten millions digit of 213742506?
1
What is the hundred thousands digit of 176459515?
4
What is the billions digit of 2362998207?
2
What is the ten thousands digit of 159587391?
8
What is the billions digit of 1934362623?
1
What is the units digit of 542962488?
8
What is the hundred millions digit of 1320680107?
3
What is